{"id":92,"date":"2025-05-17T15:02:51","date_gmt":"2025-05-17T15:02:51","guid":{"rendered":"https:\/\/underexpose.org\/?post_type=product&#038;p=92"},"modified":"2025-05-18T17:05:49","modified_gmt":"2025-05-18T17:05:49","slug":"no13-yesterday-is-history-por-moises-lucas","status":"publish","type":"product","link":"https:\/\/underexpose.org\/?product=no13-yesterday-is-history-por-moises-lucas","title":{"rendered":"n\u00ba13 \u00abYesterday is History\u00bb por Mois\u00e9s Lucas"},"content":{"rendered":"<p><span style=\"font-weight: 400;\">El ayer es historia, pero precisamente una de las cosas que m\u00e1s me fascina de la fotograf\u00eda es que ese instante del pasado que es toda imagen, se vuelve presente sin discusi\u00f3n como por arte de magia y alquimia. La fotograf\u00eda la hace el fot\u00f3grafo en el instante preciso, pero tambi\u00e9n el espectador que la contempla, que parad\u00f3jicamente lo har\u00e1 desde el futuro, un tiempo que para \u00e9l es siempre presente. \u00bfPuede haber algo m\u00e1s m\u00e1gico?<\/span><\/p>\n<p><span style=\"font-weight: 400;\">Hace m\u00e1s de 10 a\u00f1os que realic\u00e9 esta serie de blanco y negro. Contemplo las fotos impresas sobre la mesa del sal\u00f3n y trato de reflexionar en c\u00f3mo me hace sentir la calle hoy\u2026 \u2013\u2013s\u00ed, esto tambi\u00e9n va de sentimientos\u2013\u2013 La conclusi\u00f3n es que me reconozco en ella, que el tiempo pasa e incluso es posible que alguna de las personas que aparecen sobre el papel ya no est\u00e9n entre nosotros, pero cada una de estas fotograf\u00edas las ha convertido de alguna manera en inmortales. Sigo observ\u00e1ndolas y lo que me resulta m\u00e1s inalterable son los edificios, que tanto peso tienen en esta serie de contrapicados. Su presencia me recuerda a gigantes solidos e inexpugnables que observan inalterables desde arriba el movimiento en el infierno. Pero es mentira, hasta ellos cambian. Todo cambia. Todo, excepto quiz\u00e1s algunos sentimientos y me doy cuenta que esta serie es un viaje inici\u00e1tico hacia lo que me hizo amar este embaucador arte que una vez te atrapa, nunca te abandona.\u00a0<\/span><\/p>\n<p><span style=\"font-weight: 400;\">Las fotograf\u00edas son los ojos del fot\u00f3grafo. Estos son los m\u00edos. Lo que quer\u00eda ver, lo que no, mi punto de vista, mi estado an\u00edmico, lo que era importante para mi en aquel momento determinado, y que lo es hoy al verlas para elegir esta serie. Siempre hoy, aunque las vea ma\u00f1ana y aunque las hiciera ayer, con el extra de que adem\u00e1s que este juego con el tiempo adquiere un nuevo sentido al convertirse en fotograf\u00eda documental.<\/span><\/p>\n<p><span style=\"font-weight: 400;\">Si lo hubiera pensado en aquel momento, probablemente me hubiera parecido que estaba siendo pretencioso, pero como autor es innegable que la fotograf\u00eda de calle que me interesa habla de las personas, de los momentos sociales, de las tendencias, de la evoluci\u00f3n de los individuos. Nada que ver con las nuevas corrientes donde lo \u00fanico importante es la composici\u00f3n, los juegos de luces y paredes de colores, que no se reconozca a las personas, ni los lugares. La despersonalizaci\u00f3n de la nueva era ya se impone tambi\u00e9n en la fotograf\u00eda y me niego a ser c\u00f3mplice. Han pasado m\u00e1s de diez a\u00f1os, he cambiado al color, utilizo el flash, me centro m\u00e1s en el individuo, pero sigo reconoci\u00e9ndome en esta serie y sabiendo que, aunque el ayer es historia, cuando veo una foto que me sigue emocionando, entiendo que esto es lo \u00fanico atemporal. El sentimiento que me genera.\u00a0<\/span><\/p>\n<p><a href=\"https:\/\/moiseslucas.com\/\"><span style=\"font-weight: 400;\">Mois\u00e9s Lucas.<\/span><\/a><\/p>\n","protected":false},"excerpt":{"rendered":"<p>El ayer es historia, pero precisamente una de las cosas que m\u00e1s me fascina de la fotograf\u00eda es que ese instante del pasado que es toda imagen, se vuelve presente sin discusi\u00f3n como por arte de magia y alquimia. La fotograf\u00eda la hace el fot\u00f3grafo en el instante preciso, pero tambi\u00e9n el espectador que la contempla, que parad\u00f3jicamente lo har\u00e1 desde el futuro, un tiempo que para \u00e9l es siempre presente. \u00bfPuede haber algo m\u00e1s m\u00e1gico? Hace m\u00e1s de 10 a\u00f1os que realic\u00e9 esta serie de blanco y negro. Contemplo las fotos impresas sobre la mesa del sal\u00f3n y trato de reflexionar en c\u00f3mo me hace sentir la calle hoy\u2026 \u2013\u2013s\u00ed, esto tambi\u00e9n va de sentimientos\u2013\u2013 La conclusi\u00f3n es que me reconozco en ella, que el tiempo pasa e incluso es posible que alguna de las personas que aparecen sobre el papel ya no est\u00e9n entre nosotros, pero cada una de estas fotograf\u00edas las ha convertido de alguna manera en inmortales. Sigo observ\u00e1ndolas y lo que me resulta m\u00e1s inalterable son los edificios, que tanto peso tienen en esta serie de contrapicados. Su presencia me recuerda a gigantes solidos e inexpugnables que observan inalterables desde arriba el movimiento en el infierno. Pero es mentira, hasta ellos cambian. Todo cambia. Todo, excepto quiz\u00e1s algunos sentimientos y me doy cuenta que esta serie es un viaje inici\u00e1tico hacia lo que me hizo amar este embaucador arte que una vez te atrapa, nunca te abandona.\u00a0 Las fotograf\u00edas son los ojos del fot\u00f3grafo. Estos son los m\u00edos. Lo que quer\u00eda ver, lo que no, mi punto de vista, mi estado an\u00edmico, lo que era importante para mi en aquel momento determinado, y que lo es hoy al verlas para elegir esta serie. Siempre hoy, aunque las vea ma\u00f1ana y aunque las hiciera ayer, con el extra de que adem\u00e1s que este juego con el tiempo adquiere un nuevo sentido al convertirse en fotograf\u00eda documental. Si lo hubiera pensado en aquel momento, probablemente me hubiera parecido que estaba siendo pretencioso, pero como autor es innegable que la fotograf\u00eda de calle que me interesa habla de las personas, de los momentos sociales, de las tendencias, de la evoluci\u00f3n de los individuos. Nada que ver con las nuevas corrientes donde lo \u00fanico importante es la composici\u00f3n, los juegos de luces y paredes de colores, que no se reconozca a las personas, ni los lugares. La despersonalizaci\u00f3n de la nueva era ya se impone tambi\u00e9n en la fotograf\u00eda y me niego a ser c\u00f3mplice. Han pasado m\u00e1s de diez a\u00f1os, he cambiado al color, utilizo el flash, me centro m\u00e1s en el individuo, pero sigo reconoci\u00e9ndome en esta serie y sabiendo que, aunque el ayer es historia, cuando veo una foto que me sigue emocionando, entiendo que esto es lo \u00fanico atemporal. El sentimiento que me genera.\u00a0 Mois\u00e9s Lucas.<\/p>\n","protected":false},"featured_media":93,"template":"","meta":[],"product_brand":[],"product_cat":[26],"product_tag":[],"class_list":{"0":"post-92","1":"product","2":"type-product","3":"status-publish","4":"has-post-thumbnail","6":"product_cat-photo","8":"first","9":"instock","10":"shipping-taxable","11":"purchasable","12":"product-type-simple"},"_links":{"self":[{"href":"https:\/\/underexpose.org\/index.php?rest_route=\/wp\/v2\/product\/92","targetHints":{"allow":["GET"]}}],"collection":[{"href":"https:\/\/underexpose.org\/index.php?rest_route=\/wp\/v2\/product"}],"about":[{"href":"https:\/\/underexpose.org\/index.php?rest_route=\/wp\/v2\/types\/product"}],"wp:featuredmedia":[{"embeddable":true,"href":"https:\/\/underexpose.org\/index.php?rest_route=\/wp\/v2\/media\/93"}],"wp:attachment":[{"href":"https:\/\/underexpose.org\/index.php?rest_route=%2Fwp%2Fv2%2Fmedia&parent=92"}],"wp:term":[{"taxonomy":"product_brand","embeddable":true,"href":"https:\/\/underexpose.org\/index.php?rest_route=%2Fwp%2Fv2%2Fproduct_brand&post=92"},{"taxonomy":"product_cat","embeddable":true,"href":"https:\/\/underexpose.org\/index.php?rest_route=%2Fwp%2Fv2%2Fproduct_cat&post=92"},{"taxonomy":"product_tag","embeddable":true,"href":"https:\/\/underexpose.org\/index.php?rest_route=%2Fwp%2Fv2%2Fproduct_tag&post=92"}],"curies":[{"name":"wp","href":"https:\/\/api.w.org\/{rel}","templated":true}]}}