{"id":76,"date":"2025-05-17T14:50:37","date_gmt":"2025-05-17T14:50:37","guid":{"rendered":"https:\/\/underexpose.org\/?post_type=product&#038;p=76"},"modified":"2025-05-18T15:28:56","modified_gmt":"2025-05-18T15:28:56","slug":"no5-adictos-al-regimen-por-luis-camacho","status":"publish","type":"product","link":"https:\/\/underexpose.org\/?product=no5-adictos-al-regimen-por-luis-camacho","title":{"rendered":"n\u00ba5 \u00abAdictos al Regimen\u00bb por Lu\u00eds Camacho"},"content":{"rendered":"<p><span style=\"font-weight: 400;\">Los rostros de la nostalgia\u00a0<\/span><\/p>\n<p><span style=\"font-weight: 400;\">Estaba distra\u00eddo tomando unos vinos en un bar, mientras en la televisi\u00f3n un reportaje hablaba del resurgimiento del neofacismo en Europa. De repente un paisano escupi\u00f3 exaltado a voz en cuello\u2026 <\/span><i><span style=\"font-weight: 400;\">\u201cEn Espa\u00f1a no acaba de llegar el nuevo porque el viejo nunca se fue\u201d<\/span><\/i><span style=\"font-weight: 400;\">. Su interlocutor se limit\u00f3 a afirmar con un leve movimiento de cabeza, mientras apuraba su sol y sombra, justo antes de se\u00f1alar al camarero con un gesto para que les sirviera otra ronda.\u00a0<\/span><\/p>\n<p><span style=\"font-weight: 400;\">Yo, un fot\u00f3grafo hijo de la transici\u00f3n para el que estas cuestiones estaban enterradas y superadas, estaba escuchando acodado en una esquina de la barra. Hab\u00eda sentido el ruido a mi alrededor desde la ni\u00f1ez, tanto en mi casa como en los medios para los que llevo a\u00f1os trabajando, pero nunca me hab\u00eda parado a reflexionar en profundidad sobre el tema. \u00bfRealmente sigue existiendo hoy en nuestra sociedad democr\u00e1tica alguien que de manera \u201c<\/span><i><span style=\"font-weight: 400;\">real<\/span><\/i><span style=\"font-weight: 400;\">\u201d a\u00f1ore los tiempos del viejo fascismo? Aquella conversaci\u00f3n sembr\u00f3 en mi la semilla de la curiosidad y me anim\u00f3 a coger la c\u00e1mara, buscar a los nost\u00e1lgicos del r\u00e9gimen y ver si realmente estaban tan anclados en el pasado, o sencillamente era una cr\u00f3nica de actualidad m\u00e1s, para crear controversia y generar contenidos.\u00a0<\/span><\/p>\n","protected":false},"excerpt":{"rendered":"<p>Los rostros de la nostalgia\u00a0 Estaba distra\u00eddo tomando unos vinos en un bar, mientras en la televisi\u00f3n un reportaje hablaba del resurgimiento del neofacismo en Europa. De repente un paisano escupi\u00f3 exaltado a voz en cuello\u2026 \u201cEn Espa\u00f1a no acaba de llegar el nuevo porque el viejo nunca se fue\u201d. Su interlocutor se limit\u00f3 a afirmar con un leve movimiento de cabeza, mientras apuraba su sol y sombra, justo antes de se\u00f1alar al camarero con un gesto para que les sirviera otra ronda.\u00a0 Yo, un fot\u00f3grafo hijo de la transici\u00f3n para el que estas cuestiones estaban enterradas y superadas, estaba escuchando acodado en una esquina de la barra. Hab\u00eda sentido el ruido a mi alrededor desde la ni\u00f1ez, tanto en mi casa como en los medios para los que llevo a\u00f1os trabajando, pero nunca me hab\u00eda parado a reflexionar en profundidad sobre el tema. \u00bfRealmente sigue existiendo hoy en nuestra sociedad democr\u00e1tica alguien que de manera \u201creal\u201d a\u00f1ore los tiempos del viejo fascismo? Aquella conversaci\u00f3n sembr\u00f3 en mi la semilla de la curiosidad y me anim\u00f3 a coger la c\u00e1mara, buscar a los nost\u00e1lgicos del r\u00e9gimen y ver si realmente estaban tan anclados en el pasado, o sencillamente era una cr\u00f3nica de actualidad m\u00e1s, para crear controversia y generar contenidos.\u00a0<\/p>\n","protected":false},"featured_media":77,"template":"","meta":[],"product_brand":[],"product_cat":[26],"product_tag":[],"class_list":{"0":"post-76","1":"product","2":"type-product","3":"status-publish","4":"has-post-thumbnail","6":"product_cat-photo","8":"first","9":"instock","10":"shipping-taxable","11":"purchasable","12":"product-type-simple"},"_links":{"self":[{"href":"https:\/\/underexpose.org\/index.php?rest_route=\/wp\/v2\/product\/76","targetHints":{"allow":["GET"]}}],"collection":[{"href":"https:\/\/underexpose.org\/index.php?rest_route=\/wp\/v2\/product"}],"about":[{"href":"https:\/\/underexpose.org\/index.php?rest_route=\/wp\/v2\/types\/product"}],"wp:featuredmedia":[{"embeddable":true,"href":"https:\/\/underexpose.org\/index.php?rest_route=\/wp\/v2\/media\/77"}],"wp:attachment":[{"href":"https:\/\/underexpose.org\/index.php?rest_route=%2Fwp%2Fv2%2Fmedia&parent=76"}],"wp:term":[{"taxonomy":"product_brand","embeddable":true,"href":"https:\/\/underexpose.org\/index.php?rest_route=%2Fwp%2Fv2%2Fproduct_brand&post=76"},{"taxonomy":"product_cat","embeddable":true,"href":"https:\/\/underexpose.org\/index.php?rest_route=%2Fwp%2Fv2%2Fproduct_cat&post=76"},{"taxonomy":"product_tag","embeddable":true,"href":"https:\/\/underexpose.org\/index.php?rest_route=%2Fwp%2Fv2%2Fproduct_tag&post=76"}],"curies":[{"name":"wp","href":"https:\/\/api.w.org\/{rel}","templated":true}]}}