{"id":74,"date":"2025-05-17T14:49:18","date_gmt":"2025-05-17T14:49:18","guid":{"rendered":"https:\/\/underexpose.org\/?post_type=product&#038;p=74"},"modified":"2025-05-18T15:19:53","modified_gmt":"2025-05-18T15:19:53","slug":"no4-bcnk-por-rafa-badia","status":"publish","type":"product","link":"https:\/\/underexpose.org\/?product=no4-bcnk-por-rafa-badia","title":{"rendered":"n\u00ba4 \u00abBCNK\u00bb por Rafa Bad\u00eda"},"content":{"rendered":"<p><span style=\"font-weight: 400;\">Barcelona hoy es, para m\u00ed, la fusi\u00f3n entre las abreviaturas BCN \u2013 esas tres<\/span><\/p>\n<p><span style=\"font-weight: 400;\">letras de los stickers de equipaje a\u00e9reo que resumen la conversi\u00f3n de la capital<\/span><\/p>\n<p><span style=\"font-weight: 400;\">catalana en un parque tem\u00e1tico tur\u00edstico- y la \u00faltima sigla del CMYK, los cuatro<\/span><\/p>\n<p><span style=\"font-weight: 400;\">colores de imprenta: Cyan, Magenta, Yellow, blacK.<\/span><\/p>\n<p><span style=\"font-weight: 400;\">En plena pandemia, con la mayor\u00eda de los negocios cerrados y la casi absoluta<\/span><\/p>\n<p><span style=\"font-weight: 400;\">deserci\u00f3n de turistas, el \u00e1rea metropolitana de Barcelona se erige como un<\/span><\/p>\n<p><span style=\"font-weight: 400;\">triste escenario. Frente a la actitud meditativa, cuando no cabizbaja de los<\/span><\/p>\n<p><span style=\"font-weight: 400;\">viandantes, la energ\u00eda parece concentrarse en la publicidad, los logotipos o los<\/span><\/p>\n<p><span style=\"font-weight: 400;\">colores corporativos de los productos manufacturados.<\/span><\/p>\n<p><span style=\"font-weight: 400;\">Hoy la vista se fija sobre tonos que recuerdan \u00e9pocas mejores. Ah\u00ed sigue el<\/span><\/p>\n<p><span style=\"font-weight: 400;\">azul del cielo y la banca-de-toda-la-vida, el rojo de la coca-cola o el amarillo y el<\/span><\/p>\n<p><span style=\"font-weight: 400;\">negro de los taxis. El verde de la esperanza es mas bien escaso: ni es un color<\/span><\/p>\n<p><span style=\"font-weight: 400;\">primario, ni en la ciudad abunda el c\u00e9sped en los parques y jardines.<\/span><\/p>\n<p><span style=\"font-weight: 400;\">Disparo mi c\u00e1mara confiado al poder de los colores saturados. Ya en el l\u00edmite<\/span><\/p>\n<p><span style=\"font-weight: 400;\">del v\u00e9rtigo tonal me impongo la tarea de la desintoxicaci\u00f3n crom\u00e1tica: de ahora<\/span><\/p>\n<p><span style=\"font-weight: 400;\">en adelante me concentrar\u00e9 en la K y su reverso. S\u00ed, har\u00e9 acto de enmienda<\/span><\/p>\n<p><span style=\"font-weight: 400;\">confi\u00e1ndome a la dicotom\u00eda blanco\/negro, a la sutilidad de la escala de grises.<\/span><\/p>\n<p><span style=\"font-weight: 400;\">Quiz\u00e1s no todo est\u00e1 perdido.<\/span><\/p>\n<p><span style=\"font-weight: 400;\">Rafa Badia es fot\u00f3grafo, editor gr\u00e1fico y profesor de fotograf\u00eda. Desde 1995<\/span><\/p>\n<p><span style=\"font-weight: 400;\">desarrolla \u201cEn Barcelona\u201d un proyecto de fotograf\u00eda urbana en color sobre la<\/span><\/p>\n<p><span style=\"font-weight: 400;\">capital catalana.<\/span><\/p>\n<p><a href=\"http:\/\/www.rafabadia.net\/\"><span style=\"font-weight: 400;\">www.rafabadia.net<\/span><\/a><\/p>\n","protected":false},"excerpt":{"rendered":"<p>Barcelona hoy es, para m\u00ed, la fusi\u00f3n entre las abreviaturas BCN \u2013 esas tres letras de los stickers de equipaje a\u00e9reo que resumen la conversi\u00f3n de la capital catalana en un parque tem\u00e1tico tur\u00edstico- y la \u00faltima sigla del CMYK, los cuatro colores de imprenta: Cyan, Magenta, Yellow, blacK. En plena pandemia, con la mayor\u00eda de los negocios cerrados y la casi absoluta deserci\u00f3n de turistas, el \u00e1rea metropolitana de Barcelona se erige como un triste escenario. Frente a la actitud meditativa, cuando no cabizbaja de los viandantes, la energ\u00eda parece concentrarse en la publicidad, los logotipos o los colores corporativos de los productos manufacturados. Hoy la vista se fija sobre tonos que recuerdan \u00e9pocas mejores. Ah\u00ed sigue el azul del cielo y la banca-de-toda-la-vida, el rojo de la coca-cola o el amarillo y el negro de los taxis. El verde de la esperanza es mas bien escaso: ni es un color primario, ni en la ciudad abunda el c\u00e9sped en los parques y jardines. Disparo mi c\u00e1mara confiado al poder de los colores saturados. Ya en el l\u00edmite del v\u00e9rtigo tonal me impongo la tarea de la desintoxicaci\u00f3n crom\u00e1tica: de ahora en adelante me concentrar\u00e9 en la K y su reverso. S\u00ed, har\u00e9 acto de enmienda confi\u00e1ndome a la dicotom\u00eda blanco\/negro, a la sutilidad de la escala de grises. Quiz\u00e1s no todo est\u00e1 perdido. Rafa Badia es fot\u00f3grafo, editor gr\u00e1fico y profesor de fotograf\u00eda. Desde 1995 desarrolla \u201cEn Barcelona\u201d un proyecto de fotograf\u00eda urbana en color sobre la capital catalana. www.rafabadia.net<\/p>\n","protected":false},"featured_media":75,"template":"","meta":[],"product_brand":[],"product_cat":[26],"product_tag":[],"class_list":{"0":"post-74","1":"product","2":"type-product","3":"status-publish","4":"has-post-thumbnail","6":"product_cat-photo","8":"first","9":"instock","10":"shipping-taxable","11":"purchasable","12":"product-type-simple"},"_links":{"self":[{"href":"https:\/\/underexpose.org\/index.php?rest_route=\/wp\/v2\/product\/74","targetHints":{"allow":["GET"]}}],"collection":[{"href":"https:\/\/underexpose.org\/index.php?rest_route=\/wp\/v2\/product"}],"about":[{"href":"https:\/\/underexpose.org\/index.php?rest_route=\/wp\/v2\/types\/product"}],"wp:featuredmedia":[{"embeddable":true,"href":"https:\/\/underexpose.org\/index.php?rest_route=\/wp\/v2\/media\/75"}],"wp:attachment":[{"href":"https:\/\/underexpose.org\/index.php?rest_route=%2Fwp%2Fv2%2Fmedia&parent=74"}],"wp:term":[{"taxonomy":"product_brand","embeddable":true,"href":"https:\/\/underexpose.org\/index.php?rest_route=%2Fwp%2Fv2%2Fproduct_brand&post=74"},{"taxonomy":"product_cat","embeddable":true,"href":"https:\/\/underexpose.org\/index.php?rest_route=%2Fwp%2Fv2%2Fproduct_cat&post=74"},{"taxonomy":"product_tag","embeddable":true,"href":"https:\/\/underexpose.org\/index.php?rest_route=%2Fwp%2Fv2%2Fproduct_tag&post=74"}],"curies":[{"name":"wp","href":"https:\/\/api.w.org\/{rel}","templated":true}]}}